 31 = -p*l, -12 = 4*l - 3*g + 18. Let n(w) = -w**2 - 10*w - 5. Determine n(l).
4
Suppose -2*w = -2*r - 6, -6*w - 17 = 4*r - 11*w. Let d(z) = 2*z - 8*z**3 - 1 - 392*z**2 + 392*z**r. Suppose 5 = -6*u + 11*u. Determine d(u).
-7
Let j(z) = -4*z**3 + z**2 - 3*z - 2. Let r be ((-470)/(-282))/(((-50)/(-12))/(-5)). What is j(r)?
40
Let r(d) = -d + 2. Let t(h) = h - 4. Let a(l) = -l**3 - 12*l**2 + 2*l + 26. Let x be a(-12). Let j(n) = x*r(n) + t(n). Determine j(-4).
4
Let z(g) = -2*g**3 + 10*g**2 + 29*g - 19. Suppose -x + 3*c = -31, 3201*x - 2*c = 3206*x - 19. Determine z(x).
-12
Let f(z) be the second derivative of 1/12*z**4 - 6*z**2 + 201*z - 11/6*z**3 + 0. Determine f(13).
14
Suppose 3*a = 5*u + 240, a = 6*a - 5*u - 390. Let g(z) = -2 - a*z + 236*z + 9 - 80*z - 80*z. Calculate g(6).
13
Let z be (-11 + 8)/(6/(-4)) - 1. Let b(m) = m - z - 5*m**2 + m**2 + m**2. Let h(p) = 8*p**2 - 3*p + 3. Let d(x) = -11*b(x) - 4*h(x). Give d(-3).
5
Let l(h) = 10*h + 61. Let t = -67 + 65. Let c(s) = -3*s - 20. Let j(k) = t*l(k) - 7*c(k). Let v(x) = -x**2 - 7*x - 6. Let f be v(-6). Give j(f).
18
Let v(k) = 2*k**2 - 65*k - 30. Let a be v(33). Let r = -5 - -7. Let o(t) = -7 + t**a + r + 3*t**2 + 5*t - 2*t**3 + 1. What is o(4)?
0
Let i(d) = -84*d - 362 + 253 + 87*d. What is i(34)?
-7
Let c(u) = -2*u**2 - 14*u + 1. Let g(k) = -3*k**2 - 24. Let n(s) = c(s) - g(s). Give n(12).
1
Let r(y) = 1311*y - 649*y - 322 - 643*y. What is r(17)?
1
Let j(l) be the second derivative of 2*l**3/3 - 53*l**2/2 + 2414*l. Give j(11).
-9
Let b(m) = -2*m - 15. Suppose 0 = -z, -11*y = -6*y + z - 180. Let k be (-4)/(-18) + (-260)/y. What is b(k)?
-1
Suppose c - 5*p + 8 = -15, -5*p = c - 27. Suppose -2*r + c*x - 2 + 16 = 0, 11 = -2*r - 3*x. Let f(s) = s**3 - 2*s**2. Give f(r).
0
Suppose 0 = -9*q + 32 + 4. Let u be (13/130*-8)/(q/(-10)). Let h(l) = -4*l + 3*l + 3*l**3 - 2*l**3. Determine h(u).
6
Let s(z) = 3*z - 2. Let o be s(2). Suppose o*t - 15 = 5*w, 2*t - 4*t = 3*w - 13. Let u(y) = 8*y + 6*y - 16*y + 2*y + y. Determine u(w).
1
Suppose 2*k - 221 = -225. Let f(x) = 26*x + 0*x + 0*x**2 + 7*x**2 + 4 - x. Let s(c) = -3*c**2 - 12*c - 2. Let m(a) = k*f(a) - 5*s(a). What is m(-9)?
-7
Let x(w) = w**3 + 6*w**2 + 2*w - 2. Let u be (-6 - -4)/(1/2) - -3. Let d(r) = 5*r**3 + r. Let v be d(u). What is x(v)?
-14
Let u(i) = 16*i - 86 + 248 + 21*i - 4*i. Determine u(-5).
-3
Let s(d) = d**3 + d + 3. Suppose 0 = -34*r + 28*r. Suppose r = -5*a - c + 5*c - 16, 3*c - 12 = -4*a. What is s(a)?
3
Suppose 39*u - 44*u - 31 = 4*q, 0 = -u + q - 8. Let b(j) = -2*j**2 - j - 4. Give b(u).
-95
Let g(m) = -m + 5. Let y be g(5). Suppose 6*z - 12 = 5*z + 3*a, 4*z = 5*a + 27. Let k(l) = -l - 8 - 7 + 21 - z. Determine k(y).
3
Let t(y) = 21*y + 21. Let o be 13 + -14*(-13 - 108/(-8)). What is t(o)?
147
Let t(k) = 8*k**2 + 10*k + 22. Let s(l) = -3*l**2 + l. Let w(f) = -4*s(f) - t(f). Calculate w(5).
8
Let y(z) = 2*z**2 + 1 - 1202*z**3 - 2*z**2 + 1208*z**3. Suppose 10 = 205*r - 195*r. What is y(r)?
7
Let l(c) = -c**3 + 3*c**2 + 2*c - 4. Suppose 80*b - 23 = -39 + 16. Give l(b).
-4
Let i(b) = 2*b + 72. Let g(o) = -o - 33. Let d(s) = 9*g(s) + 4*i(s). Suppose 2*n = k + 14, n + 3*n + 2*k - 12 = 0. Suppose -5 = -n*y - 25. What is d(y)?
-5
Let k(c) = -11*c**3 + 2*c**2 - c. Suppose 2*a + 15 = 19. Let b be a/(4/(-30)*-5). Let v be b - (-4 + 8 + -2). Give k(v).
-10
Let g(a) = -5*a + 192. Let x be g(38). Let f(q) = 31*q + 3 - 28*q - x. What is f(-1)?
-2
Let w(q) be the second derivative of 3*q**5/20 - q**4/6 - q**3/3 + 6026*q. Let a = 16 + -14. Calculate w(a).
12
Let t = 8520 - 8504. Let d(s) = s**3 - 16*s**2 - s + 25. Give d(t).
9
Let i(x) = 25595 - 5*x - 12787 - 12777. Calculate i(13).
-34
Let w(z) be the second derivative of z**4/12 + z**3 + z**2/2 - z. Let g be (297/132)/(3/568). Suppose -420*r + g*r + 42 = 0. Calculate w(r).
8
Let w(s) = -2*s**3 - 2*s**2 - 2. Let q be ((-32)/12)/((-4)/18). Suppose -2*k + 6 = -8. Suppose k*v + q = 3*v, -5*v - 17 = j. Calculate w(j).
6
Let t(o) = -2*o - 6*o**2 + o**3 + 1 + 3*o**2 + 2. Let w = -467 + 381. Let z = w + 89. Give t(z).
-3
Let a(s) be the first derivative of s**2/2 + 4*s + 330. Let x(t) = 6*t - 27. Let v be x(6). Give a(v).
13
Let n(w) = 3670*w + 1735 - 1770 - 3671*w. What is n(-21)?
-14
Suppose -27 = -14*d + 57. Suppose 3 = -d*w + 9*w. Let y(s) = -18*s**3 - 2*s**2 + s. Determine y(w).
-19
Let a(g) be the second derivative of -g**5/20 + 11*g**4/12 + 14*g**3/3 + 5*g**2/2 + 4*g + 15. What is a(13)?
31
Let h(p) = -p**3 - 3*p**2 + 3*p - 6. Let v = 7421 - 7425. Determine h(v).
-2
Let z(f) = f + 4. Let g(n) = -2*n**2 + 13*n + 18. Let i = -18 + 19. Let c(o) = o**2 + o - 1. Let a(s) = i*g(s) + 3*c(s). Let k be a(-15). What is z(k)?
4
Let g be (-195)/25 - -8 - (-112)/(-10). Let l(m) = -m**2 - 13*m - 20. Give l(g).
2
Let y(w) = 8*w**3 + 7*w + 7. Let r = -4962 + 4961. Calculate y(r).
-8
Let z(r) = 18*r**2 - 319*r - 59. Let s(w) = 4*w**2 - 69*w - 12. Let t(q) = 14*s(q) - 3*z(q). Give t(6).
27
Let a(g) be the second derivative of -17/12*g**4 + 0*g**3 + 0 - 13*g - 1/720*g**6 + 0*g**2 + 0*g**5. Let l(n) be the third derivative of a(n). Determine l(1).
-1
Let j(t) = 0 - 5*t - 9*t**2 + 8*t**2 + 1. Suppose 10*p - 5*p = -140. Let k = 23 + p. Give j(k).
1
Let b = 10788 - 32360/3. Let d(m) be the first derivative of b*m**3 + 5/2*m**2 - 4 + 2*m + 1/4*m**4. Determine d(-3).
-4
Let g(i) = 1 + 3*i**2 + 3 - 4*i + 3 + i**3. Suppose -s - 5*a + 10 = -10, -3*s + 12 = -a. Let z(d) = -4*d**2 + 17*d + 10. Let y be z(s). Determine g(y).
-23
Let r(l) = -l - 36. Let o be r(-38). Let d(s) = 36*s - 4. Give d(o).
68
Let k(w) = 12*w**3 + 7*w**3 - 15*w**3 + 6*w**2 + 1 - 5*w. Let b(v) = -7*v**3 - 11*v**2 + 9*v - 2. Let y(q) = -3*b(q) - 5*k(q). What is y(-4)?
-7
Let u(z) be the first derivative of -z**3/3 - 19*z**2/2 - 32*z - 6876. Calculate u(-16).
16
Let c(g) = g**2 + 12*g + 8. Let y(d) = -d**2 - 12*d - 9. Let z(b) = -3*c(b) - 2*y(b). Determine z(-11).
5
Suppose -2*q - 14 - 14 = 0. Let c(t) = 13*t + 446173 - 446171 - 116*t**2 + 117*t**2. What is c(q)?
16
Let j(m) = -11*m - 198. Let g be (-3)/(32/(-38) + 1). Let w be j(g). Let l(a) = a**2 - 12*a + 3. What is l(w)?
-8
Let o(h) = -h**3 + 10*h**2 - 20*h + 28. Let m be (2/1)/(3 + (-33)/12). Let b be o(m). Let g(c) = -c**3 - 5*c**2 + 2*c + 5. Calculate g(b).
-19
Let l(g) = -g**3 + 5*g**2 + 7*g - 1. Suppose 0 = -m + 3*j + 3, 0 = 5*m + 5*j - 15. Let t(c) = -9*c + 18*c - 8*c + 4 + m. Let u be t(-1). Determine l(u).
5
Let d(v) be the third derivative of -1/24*v**4 - v**3 + 0*v + 0 - v**2. Let m(n) = -n**3 - 29*n**2 - 20*n + 224. Let r be m(-28). What is d(r)?
-6
Let v(p) = -3*p + 9. Let k(b) be the first derivative of b**2 - 8*b - 2. Suppose 176*l - 21 = 183*l. Let i(u) = l*v(u) - 4*k(u). Give i(-5).
0
Let b(p) = -p**3 + 131*p - 1083*p**2 + 2374 - 2342 + 1099*p**2. Calculate b(22).
10
Let q be 14/49 + (-2)/7. Let t = -34 - -63. Let s(i) = 9 + t*i + 26*i - 54*i. Determine s(q).
9
Let g(x) = x**3 - 9*x**2 + 16*x - 9. Suppose -7*k + 10*k = 56*k - 318. Determine g(k).
-21
Let q(b) = 15*b + 3. Let n be q(2). Suppose n = -u + 37. Suppose -2*c - 16 = u*x - 3*c, -19 = 5*x - c. Let l(z) = 6*z + 4. Give l(x).
-14
Let b(t) be the third derivative of -t**5/60 + t**4/6 + 5*t**3/6 - 8*t**2 + 4*t. Suppose 4*s = -s. Let p = 4 - s. What is b(p)?
5
Suppose -5*u - v + 73 = 0, -u + 5*v = -10 - 15. Suppose -35 = -u*y + 55. Let w(k) = -k - 1. What is w(y)?
-7
Let l be 2/10 + (-1)/5. Suppose -4*z - 5*d + 101 = l, -5*z - 4*d + 2*d + 122 = 0. Suppose -8*x + 4*x - z = 0. Let t(g) = g**2 + 5*g + 1. Calculate t(x).
7
Let n be (-60)/(-8)*8/10. Suppose 7 = -16*k + 39. Let x(t) = k*t**3 - t**3 + 0 + 5*t - 6 + 5*t - 8*t**2. Calculate x(n).
-18
Let o(j) be the first derivative of -j**4/4 - 10*j**3/3 + 3*j**2/2 + 9*j - 2445. Determine o(-11).
97
Let r(v) = 10*v**2 - v**3 + 8*v + 10 - 4 + 11 - 2. Give r(11).
-18
Let d(k) = k + 0 + 0*k + k + 3. Suppose 4*r - 23*v + 13*v = -44, -4 = -2*v. What is d(r)?
-9
Let m = 49 + -44. Let h be (m - 5)*1/5. Let l(q) = -q + 3. Determine l(h).
3
Let p(y) be the first derivative of -y**4/4 + 6*y**3 + 17*y**2/2 + 41*y - 266. Calculate p(19).
3
Let x be 4 - 1 - (7 + -9). Let a = -1 - -1. Let c(z) = -793*z**2 + 6*z + 5 - z**3 + 796*z**2 + a*z**3. Determine c(x).
-15
Let a(d) be the third derivative of -